{"id":929,"date":"2021-09-21T15:56:12","date_gmt":"2021-09-21T15:56:12","guid":{"rendered":"http:\/\/fastwpdemo.com\/newwp\/energo\/?page_id=929"},"modified":"2025-01-14T22:17:45","modified_gmt":"2025-01-14T22:17:45","slug":"contacto","status":"publish","type":"page","link":"https:\/\/gmotica.com.ar\/index.php\/contacto\/","title":{"rendered":"Contacto"},"content":{"rendered":"\t\t<div data-elementor-type=\"wp-page\" data-elementor-id=\"929\" class=\"elementor elementor-929\">\n\t\t\t\t\t\t<section class=\"elementor-section elementor-top-section elementor-element elementor-element-45f40e2 elementor-section-full_width elementor-section-height-default elementor-section-height-default\" data-id=\"45f40e2\" data-element_type=\"section\">\n\t\t\t\t\t\t<div class=\"elementor-container elementor-column-gap-default\">\n\t\t\t\t\t<div class=\"elementor-column elementor-col-100 elementor-top-column elementor-element elementor-element-5582526\" data-id=\"5582526\" data-element_type=\"column\">\n\t\t\t<div class=\"elementor-widget-wrap elementor-element-populated\">\n\t\t\t\t\t\t<div class=\"elementor-element elementor-element-e671b51 elementor-widget elementor-widget-energo_contact_info\" data-id=\"e671b51\" data-element_type=\"widget\" data-widget_type=\"energo_contact_info.default\">\n\t\t\t\t<div class=\"elementor-widget-container\">\n\t\t\t        \n        <!-- contact-info-two -->\n        <section class=\"contact-info-two\">\n            <div class=\"auto-container\">\n                <div class=\"sec-title centred\">\n\t\t\t\t\t                    <div class=\"title-top\">\n                        <div class=\"shape-box\">\n                            <span class=\"shape shape-1\">\/\/<\/span>\n                            <span class=\"shape shape-2\">\\\\<\/span>\n                        <\/div>\n                        <h6>Contact\u00e1 con nosotros<\/h6>\n                    <\/div>\n\t\t\t\t\t                    <h2>Dejanos tu consulta y te asesoramos<\/h2>\n                    <div class=\"title-text\">\n                        <p>Te brindaremos calidez en la atenci\u00f3n,\ncompromiso y \nuna r\u00e1pida respuesta.\n<br \/><\/p>\n                    <\/div>\n                <\/div>\n                <div class=\"row clearfix\">\n                    <div class=\"col-lg-4 col-md-12 col-sm-12 info-column\">\n                        <div class=\"inner-box left-column\">\n\t\t\t\t\t\t\t\n                            \t\t\t\t\t\t\t<div class=\"shape\" style=\"background-image: url(https:\/\/gmotica.com.ar\/wp-content\/themes\/energo\/assets\/images\/icons\/icons-shape-1.png);\"><\/div>\n\t\t\t\t\t\t\t\t\t\t\t\t\t\t\n\t\t\t\t\t\t\t                            <div class=\"single-info-box\">\n                                <div class=\"icon-box\"><i class=\"fa fa-map\"><\/i><\/div>\n                                <h6>Ubicaci\u00f3n<\/h6>\n                                <span>C\u00f3rdoba, Argentina<\/span>\n                            <\/div>\n                            \t\t\t\t\t\t\t\n\t\t\t\t\t\t\t                            <div class=\"single-info-box\">\n                                <div class=\"icon-box\"><i class=\"fa fa-headphones\"><\/i><\/div>\n                                <h6>Asesoramiento<\/h6>\n                                <span><a href=\"tel:5493513518603\">+54 9 351 3-518603<\/a><\/span>\n                            <\/div>\n                            \t\t\t\t\t\t\t\n\t\t\t\t\t\t\t                        <\/div>\n                    <\/div>\n                    <div class=\"col-lg-4 col-md-12 col-sm-12 image-column\">\n                        <div class=\"image-box\">\n                            <figure class=\"image clearfix\"><img decoding=\"async\" src=\"https:\/\/gmotica.com.ar\/wp-content\/uploads\/2021\/09\/contact-1.png\" alt=\"Awesome Image\"><\/figure>\n                        <\/div>\n                    <\/div>\n                    <div class=\"col-lg-4 col-md-12 col-sm-12 info-column\">\n                        <div class=\"inner-box text-right right-column\">\n\t\t\t\t\t\t\t\n\t\t\t\t\t\t\t                            <div class=\"shape\" style=\"background-image: url(https:\/\/gmotica.com.ar\/wp-content\/themes\/energo\/assets\/images\/icons\/icons-shape-2.png);\"><\/div>\n\t\t\t\t\t\t\t\t\t\t\t\t\t\t\n\t\t\t\t\t\t\t                            <div class=\"single-info-box\">\n                                <div class=\"icon-box\"><i class=\"fa fa-envelope-open\"><\/i><\/div>\n                                <h6>Email<\/h6>\n                                <span><a href=\"mailto:info@gmotica.com.ar\">info@gmotica.com.ar<\/a><\/span>\n                            <\/div>\n                            \t\t\t\t\t\t\t\n\t\t\t\t\t\t\t                            <div class=\"single-info-box\">\n                                <div class=\"icon-box\"><i class=\"fa fa-headphones\"><\/i><\/div>\n                                <h6>Whatsapp<\/h6>\n                                <span><a href=\"tel:5493513518603\">+54 9 351 3-518603<\/a><\/span>\n                            <\/div>\n                            \t\t\t\t\t\t\t\n\t\t\t\t\t\t\t                        <\/div>\n                    <\/div>\n                <\/div>\n            <\/div>\n        <\/section>\n        <!-- contact-info-two end -->\n        \n        \t\t<\/div>\n\t\t\t\t<\/div>\n\t\t\t\t\t<\/div>\n\t\t<\/div>\n\t\t\t\t\t<\/div>\n\t\t<\/section>\n\t\t\t\t<section class=\"elementor-section elementor-top-section elementor-element elementor-element-6acddae elementor-section-full_width elementor-section-height-default elementor-section-height-default\" data-id=\"6acddae\" data-element_type=\"section\">\n\t\t\t\t\t\t<div class=\"elementor-container elementor-column-gap-default\">\n\t\t\t\t\t<div class=\"elementor-column elementor-col-100 elementor-top-column elementor-element elementor-element-b23a825\" data-id=\"b23a825\" data-element_type=\"column\">\n\t\t\t<div class=\"elementor-widget-wrap\">\n\t\t\t\t\t\t\t<\/div>\n\t\t<\/div>\n\t\t\t\t\t<\/div>\n\t\t<\/section>\n\t\t\t\t<section class=\"elementor-section elementor-top-section elementor-element elementor-element-7488263 elementor-section-boxed elementor-section-height-default elementor-section-height-default\" data-id=\"7488263\" data-element_type=\"section\">\n\t\t\t\t\t\t<div class=\"elementor-container elementor-column-gap-default\">\n\t\t\t\t\t<div class=\"elementor-column elementor-col-100 elementor-top-column elementor-element elementor-element-a5bf5e7\" data-id=\"a5bf5e7\" data-element_type=\"column\">\n\t\t\t<div class=\"elementor-widget-wrap elementor-element-populated\">\n\t\t\t\t\t\t<div class=\"elementor-element elementor-element-ba8028d elementor-widget elementor-widget-energo_contact_us\" data-id=\"ba8028d\" data-element_type=\"widget\" data-widget_type=\"energo_contact_us.default\">\n\t\t\t\t<div class=\"elementor-widget-container\">\n\t\t\t        \n        <!-- contact-form-section -->\n        <section class=\"contact-form-section\">\n            <div class=\"auto-container\">\n                <div class=\"form-inner\">\n                    <div class=\"text\">\n                        <h3>Env\u00eda tu mensaje<\/h3>\n                        <p>Por favor, ponte en contacto usando el siguiente formulario. Nos encantar\u00eda escucharte! <\/p>\n                    <\/div>\n\t\t\t\t\t\n\t\t\t\t\t                    <div id=\"contact-form\" class=\"default-form\">\n\t\t\t\t\t\t<div class=\"wpcf7 no-js\" id=\"wpcf7-f940-o1\" lang=\"en-US\" dir=\"ltr\">\n<div class=\"screen-reader-response\"><p role=\"status\" aria-live=\"polite\" aria-atomic=\"true\"><\/p> <ul><\/ul><\/div>\n<form action=\"\/index.php\/wp-json\/wp\/v2\/pages\/929#wpcf7-f940-o1\" method=\"post\" class=\"wpcf7-form init\" aria-label=\"Contact form\" novalidate=\"novalidate\" data-status=\"init\">\n<div style=\"display: none;\">\n<input type=\"hidden\" name=\"_wpcf7\" value=\"940\" \/>\n<input type=\"hidden\" name=\"_wpcf7_version\" value=\"5.7.2\" \/>\n<input type=\"hidden\" name=\"_wpcf7_locale\" value=\"en_US\" \/>\n<input type=\"hidden\" name=\"_wpcf7_unit_tag\" value=\"wpcf7-f940-o1\" \/>\n<input type=\"hidden\" name=\"_wpcf7_container_post\" value=\"0\" \/>\n<input type=\"hidden\" name=\"_wpcf7_posted_data_hash\" value=\"\" \/>\n<\/div>\n<div class=\"row clearfix\">\n\t<div class=\"col-lg-6 col-md-6 col-sm-12 column\">\n\t\t<div class=\"form-group\">\n\t\t\t<p><i class=\"fa fa-user\"><\/i><span class=\"wpcf7-form-control-wrap\" data-name=\"your-name\"><input size=\"40\" class=\"wpcf7-form-control wpcf7-text wpcf7-validates-as-required\" aria-required=\"true\" aria-invalid=\"false\" placeholder=\"Tu Nombre\" value=\"\" type=\"text\" name=\"your-name\" \/><\/span>\n\t\t\t<\/p>\n\t\t<\/div>\n\t<\/div>\n\t<div class=\"col-lg-6 col-md-6 col-sm-12 column\">\n\t\t<div class=\"form-group\">\n\t\t\t<p><i class=\"fa fa-envelope-open\"><\/i><span class=\"wpcf7-form-control-wrap\" data-name=\"your-email\"><input size=\"40\" class=\"wpcf7-form-control wpcf7-text wpcf7-email wpcf7-validates-as-required wpcf7-validates-as-email\" aria-required=\"true\" aria-invalid=\"false\" placeholder=\"Tu Email\" value=\"\" type=\"email\" name=\"your-email\" \/><\/span>\n\t\t\t<\/p>\n\t\t<\/div>\n\t<\/div>\n\t<div class=\"col-lg-6 col-md-12 col-sm-12 column\">\n\t\t<div class=\"form-group\">\n\t\t\t<p><i class=\"fa fa-phone\"><\/i><span class=\"wpcf7-form-control-wrap\" data-name=\"your-phone\"><input size=\"40\" class=\"wpcf7-form-control wpcf7-text wpcf7-validates-as-required\" aria-required=\"true\" aria-invalid=\"false\" placeholder=\"Tu N\u00famero de Tel\u00e9fono\" value=\"\" type=\"text\" name=\"your-phone\" \/><\/span>\n\t\t\t<\/p>\n\t\t<\/div>\n\t<\/div>\n\t<div class=\"col-lg-12 col-md-12 col-sm-12 column\">\n\t\t<div class=\"form-group\">\n\t\t\t<p><i class=\"fa fa-text-width\"><\/i><span class=\"wpcf7-form-control-wrap\" data-name=\"your-message\"><textarea cols=\"40\" rows=\"10\" class=\"wpcf7-form-control wpcf7-textarea\" aria-invalid=\"false\" placeholder=\"Tu Mensaje...\" name=\"your-message\"><\/textarea><\/span>\n\t\t\t<\/p>\n\t\t<\/div>\n\t<\/div>\n\t<div class=\"col-lg-12 col-md-12 col-sm-12 column\">\n\t\t<div class=\"message-btn\">\n\t\t\t<p><input class=\"wpcf7-form-control has-spinner wpcf7-submit theme-btn btn-one\" type=\"submit\" value=\"Enviar\" \/>\n\t\t\t<\/p>\n\t\t<\/div>\n\t<\/div>\n<\/div><div class=\"wpcf7-response-output\" aria-hidden=\"true\"><\/div><\/form><\/div>                    <\/div>\n\t\t\t\t\t                <\/div>\n            <\/div>\n        <\/section>\n        <!-- contact-form-section end -->\n        \n        \t\t<\/div>\n\t\t\t\t<\/div>\n\t\t\t\t\t<\/div>\n\t\t<\/div>\n\t\t\t\t\t<\/div>\n\t\t<\/section>\n\t\t\t\t<\/div>\n\t\t","protected":false},"excerpt":{"rendered":"<p>\/\/ \\ Contact\u00e1 con nosotros Dejanos tu consulta y te asesoramos Te brindaremos calidez en la atenci\u00f3n, compromiso y una r\u00e1pida respuesta. Ubicaci\u00f3n C\u00f3rdoba, Argentina Asesoramiento +54 9 351 3-518603 Email info@gmotica.com.ar Whatsapp +54 9 351 3-518603 Env\u00eda tu mensaje Por favor, ponte en contacto usando el siguiente formulario. Nos encantar\u00eda escucharte!<\/p>\n","protected":false},"author":1,"featured_media":0,"parent":0,"menu_order":0,"comment_status":"closed","ping_status":"closed","template":"tpl-default-elementor.php","meta":{"om_disable_all_campaigns":false,"rank_math_lock_modified_date":false,"_monsterinsights_skip_tracking":false,"_monsterinsights_sitenote_active":false,"_monsterinsights_sitenote_note":"","_monsterinsights_sitenote_category":0,"footnotes":""},"class_list":["post-929","page","type-page","status-publish","hentry"],"_links":{"self":[{"href":"https:\/\/gmotica.com.ar\/index.php\/wp-json\/wp\/v2\/pages\/929"}],"collection":[{"href":"https:\/\/gmotica.com.ar\/index.php\/wp-json\/wp\/v2\/pages"}],"about":[{"href":"https:\/\/gmotica.com.ar\/index.php\/wp-json\/wp\/v2\/types\/page"}],"author":[{"embeddable":true,"href":"https:\/\/gmotica.com.ar\/index.php\/wp-json\/wp\/v2\/users\/1"}],"replies":[{"embeddable":true,"href":"https:\/\/gmotica.com.ar\/index.php\/wp-json\/wp\/v2\/comments?post=929"}],"version-history":[{"count":67,"href":"https:\/\/gmotica.com.ar\/index.php\/wp-json\/wp\/v2\/pages\/929\/revisions"}],"predecessor-version":[{"id":3494,"href":"https:\/\/gmotica.com.ar\/index.php\/wp-json\/wp\/v2\/pages\/929\/revisions\/3494"}],"wp:attachment":[{"href":"https:\/\/gmotica.com.ar\/index.php\/wp-json\/wp\/v2\/media?parent=929"}],"curies":[{"name":"wp","href":"https:\/\/api.w.org\/{rel}","templated":true}]}}